what is 39843 - -1?
39844
In base 3, what is 122 - -20?
212
In base 13, what is 526 - -3?
529
In base 8, what is 145 + -2?
143
In base 16, what is -22 + 8?
-1a
In base 4, what is -30 + 1?
-23
In base 14, what is a - -7b1?
7bb
In base 10, what is -5 - -74?
69
In base 14, what is 4c9 + -1?
4c8
In base 15, what is 21d + 2?
220
In base 13, what is -2a - 5c?
-89
In base 11, what is 650 - 15?
636
In base 12, what is -4 - 2b4?
-2b8
In base 13, what is 4 - -18?
1c
In base 12, what is -b88b + -2?
-b891
In base 4, what is 22 + -111?
-23
In base 2, what is 0 + -1001011010011?
-1001011010011
In base 6, what is -31030 - 4?
-31034
In base 8, what is -11343 - 2?
-11345
In base 11, what is 1614 - 5?
160a
In base 9, what is 36 - -3?
40
In base 3, what is -21100 + 12?
-21011
In base 2, what is 111010 + -111?
110011
In base 7, what is 105 + 2?
110
In base 13, what is 7 + 3?
a
In base 15, what is -3b - 27?
-63
In base 5, what is -20 + 104?
34
In base 9, what is -5 + 113?
107
In base 12, what is -123 + -5?
-128
In base 3, what is 1 + 2101?
2102
In base 8, what is -21 + -55?
-76
In base 12, what is 3 + 104b?
1052
In base 8, what is -20 + -362?
-402
In base 10, what is 59 - -2?
61
In base 2, what is 11 - 101110010100?
-101110010001
In base 8, what is -1641 + 2?
-1637
In base 14, what is -14b - -31?
-11a
In base 11, what is -1235 - 8?
-1242
In base 2, what is -10100 - 110000?
-1000100
In base 8, what is 2745 - 4?
2741
In base 15, what is -17 + d0?
b8
In base 14, what is 2c + 6?
34
In base 5, what is 14 - -124?
143
In base 9, what is -3 + 307?
304
In base 5, what is 14 + 330?
344
In base 2, what is -1 + -11111111?
-100000000
In base 9, what is -704 - -3?
-701
In base 13, what is 4c8 + -7?
4c1
In base 3, what is 10 + -112202?
-112122
In base 6, what is 0 + 30?
30
In base 11, what is -4 + 137?
133
In base 12, what is 18 - 1?
17
In base 10, what is -1 - -587?
586
In base 12, what is 495 - -9?
4a2
In base 8, what is 1342 + 4?
1346
In base 12, what is 2 + 6ba?
700
In base 3, what is -12 - -10200221?
10200202
In base 6, what is -214 - 3?
-221
In base 9, what is 8 - 26?
-17
In base 13, what is 4 + 18a0?
18a4
In base 6, what is -203523 - -5?
-203514
In base 11, what is 5 - aa?
-a5
In base 2, what is -1111011110 + -1?
-1111011111
In base 16, what is -4 - 18?
-1c
In base 5, what is 3 + 2234?
2242
In base 3, what is -12 - 2111111?
-2111200
In base 7, what is 152 + 4?
156
In base 10, what is -871 + 0?
-871
In base 2, what is 11 + -10111?
-10100
In base 12, what is 3 + 46?
49
In base 2, what is 11100011001 - 101?
11100010100
In base 8, what is 6 - 35?
-27
In base 16, what is 7a0 - 2?
79e
In base 5, what is 21 + -4?
12
In base 13, what is 5 + -24?
-1c
In base 8, what is -3 + 21054?
21051
In base 6, what is -204 + 20?
-144
In base 2, what is -100 - -100100010?
100011110
In base 12, what is -146 + a?
-138
In base 5, what is 0 - 13111?
-13111
In base 11, what is -212 - 4?
-216
In base 13, what is b6 - 2?
b4
In base 13, what is -2 - 417?
-419
In base 16, what is 1 - -73?
74
In base 12, what is 34 + 54?
88
In base 9, what is 2 - 1854?
-1852
In base 13, what is -8a - a?
-97
In base 16, what is a65 + 5?
a6a
In base 8, what is 221 - 10?
211
In base 12, what is 6 + 547?
551
In base 5, what is 10 + 42132?
42142
In base 15, what is 5 - -26a?
270
In base 13, what is -63 + 2?
-61
In base 10, what is 8 - -8?
16
In base 12, what is -10 + 8?
-4
In base 12, what is -4 - -221a?
2216
In base 7, what is 5 + 32?
40
In base 8, what is -266 - -60?
-206
In base 7, what is -4 + -45?
-52
In base 16, what is -34f + 2?
-34d
In base 10, what is 0 + 72?
72
In base 10, what is 3 + 115?
118
In base 10, what is 110 + -57?
53
In base 8, what is 4 - -105?
111
In base 11, what is 4 + -419?
-415
In base 4, what is 133 - -201?
1000
In base 2, what is -101 + 100101011111?
100101011010
In base 12, what is -589 - 5?
-592
In base 5, what is -14013 - 2?
-14020
In base 5, what is 1 + 4133?
4134
In base 6, what is -123 + -14?
-141
In base 8, what is 141 - -243?
404
In base 10, what is 1787 - -5?
1792
In base 16, what is -2 - 63?
-65
In base 10, what is -363 - 14?
-377
In base 11, what is 7 + -617?
-610
In base 15, what is -e - -b?
-3
In base 2, what is 0 - 10101010?
-10101010
In base 8, what is 2504 - -4?
2510
In base 3, what is 10202 + 0?
10202
In base 12, what is -4 + -7?
-b
In base 8, what is 42 - -213?
255
In base 11, what is -1173 - -4?
-116a
In base 13, what is a - b9?
-ac
In base 2, what is -10010010 + -1010?
-10011100
In base 6, what is -20053 - 2?
-20055
In base 4, what is -2 + -221110?
-221112
In base 10, what is -18 - 48?
-66
In base 6, what is -3144 + 1?
-3143
In base 6, what is -3 + -551?
-554
In base 3, what is 202100 + 2?
202102
In base 13, what is 16 - -111?
127
In base 9, what is -4 + -2582?
-2586
In base 2, what is 10100100 - 0?
10100100
In base 3, what is 21120212 - -11?
21121000
In base 11, what is 0 - -1851?
1851
In base 2, what is 11 - -111011110?
111100001
In base 5, what is -4303 + -11?
-4314
In base 3, what is -2202 + -212?
-10121
In base 8, what is -4 + -3516?
-3522
In base 4, what is 1013 + -112?
301
In base 16, what is -15 - 6?
-1b
In base 13, what is -32a - 1?
-32b
In base 12, what is 1466 - -2?
1468
In base 6, what is 431 + -31?
400
In base 9, what is 10 - -115?
125
In base 7, what is 102013 - 4?
102006
In base 11, what is 258a - 1?
2589
In base 8, what is 600 - -1?
601
In base 13, what is 172 + 33?
1a5
In base 4, what is 1 + 2222?
2223
In base 8, what is -2 - 6?
-10
In base 8, what is -40 + 736?
676
In base 13, what is 5 + 28?
30
In base 7, what is 53 - -5?
61
In base 3, what is 102 - -122100?
122202
In base 13, what is -7 - 579?
-583
In base 3, what is -122 + 1200?
1001
In base 14, what is 1977 - 0?
1977
In base 15, what is -ca28 - 0?
-ca28
In base 13, what is -499 - -4?
-495
In base 14, what is -1 - -24?
23
In base 12, what is 2a04 + -4?
2a00
In base 13, what is 2 + 3cb9?
3cbb
In base 4, what is -1000 - 32?
-1032
In base 4, what is 3 + -23?
-20
In base 5, what is -1 - 1443?
-1444
In base 14, what is -4d3 + -4?
-4d7
In base 12, what is -2 - 39?
-3b
In base 8, what is -5 - -2476?
2471
In base 2, what is 1011110000 + -10?
1011101110
In base 2, what is -111110 - 100?
-1000010
In base 2, what is -110 - 101101100?
-101110010
In base 5, what is 23 - -14?
42
In base 14, what is -9 + 49?
40
In base 9, what is -23 - 315?
-338
In base 16, what is -acc - -1?
-acb
In base 2, what is 100101 - -101101?
1010010
In base 14, what is -2 + -1bc?
-1c0
In base 10, what is 5992 - 0?
5992
In base 2, what is -1100 - 1110011?
-1111111
In base 2, what is 1111 + 0?
1111
In base 16, what is -110 + 4?
-10c
In base 8, what is 11 + -650?
-637
In base 8, what is 74 - 7?
65
In base 14, what is 1883 + -5?
187c
In base 2, what is -111100100011000 + -10?
-111100100011010
In base 11, what is 34 - -12?
46
In base 7, what is 3 + -15435?
-15432
In base 9, what is 7 + -222?
-214
In base 16, what is 60 + -37?
29
In base 4, what is -21 + 11111?
11030
In base 12, what is -197 - 24?
-1bb
In base 10, what is -14 + 4?
-10
In base 8, what is -17 + 22?
3
In base 9, what is -76 + -2?
-78
In base 10, what is -61 - -214?
153
In base 14, what is 622 - -6?
628
In base 5, what is -2 + 213?
211
In base 11, what is 300 - 5?
2a6
In base 7, what is -205 + 60?
-115
In base 10, what is 2951 + 4?
2955
In base 10, what is -5 + -826?
-831
In base 12, what is 1080 - 4?
1078
In base 2, what is 11101110 + -11?
11101011
In base 4, what is -330 - -1001?
11
In base 14, what is -242 - -4?
-23c
In base 6, what is 145 + 15?
204
In base 3, what is 201 + 122012?
122220
In base 9, what is -121 - 1?
-122
In base 2, what is -11000011 - 101?
-11001000
In base 14, what is -2 - -134?
132
In base 9, what is 2 - 1403?
-1401
In base 2, what is -101001110000111 - 101?
-101001110001100
In base 13, what is -3 - caa?
-cb0
In base 16, what is 74 + -13?
61
In base 8, what is 56 + 12?
70
In base 11, what is 10 - 235?
-225
In base 9, what is -22 - 221?
-243
In base 6, what is 1241 + 35?
1320
In base 16, what is -56d0 - 4?
-56d4
In base 5, what is 142 - -22?
214
In base 4, what is 3223 + 133?
10022
In base 15, what is 15 + -b?
9
In base 13, what is -6c + -7?
-76
In base 4, what is 10 + 20002?
20012
In base 9, what is 4 + -863?
-858
In base 8, what is -4 + -122?
-126
In base 14, wh